ue
Is 15784 a multiple of 103?
False
Is 46620 a multiple of 10?
True
Does 13 divide 42497?
True
Is 18 a factor of 94636?
False
Is 24 a factor of 2289?
False
Is 65 a factor of 22685?
True
Is 644 a multiple of 23?
True
Is 14597 a multiple of 4?
False
Does 22 divide 75746?
True
Does 18 divide 48606?
False
Is 82189 a multiple of 28?
False
Is 9099 a multiple of 9?
True
Is 5185 a multiple of 15?
False
Does 16 divide 10283?
False
Is 27 a factor of 69782?
False
Is 9 a factor of 999?
True
Is 28 a factor of 832?
False
Does 4 divide 1083?
False
Is 3552 a multiple of 111?
True
Does 61 divide 4578?
False
Is 32 a factor of 448?
True
Is 21 a factor of 4805?
False
Is 70 a factor of 551?
False
Does 22 divide 10648?
True
Does 15 divide 1623?
False
Is 8 a factor of 30440?
True
Is 912 a multiple of 9?
False
Does 9 divide 917?
False
Does 24 divide 1560?
True
Is 85 a factor of 3230?
True
Is 85182 a multiple of 59?
False
Does 73 divide 1427?
False
Is 2438 a multiple of 18?
False
Is 32 a factor of 5408?
True
Is 436 a multiple of 37?
False
Is 14 a factor of 23096?
False
Does 62 divide 162?
False
Is 1757 a multiple of 12?
False
Is 1919 a multiple of 17?
False
Does 80 divide 4400?
True
Does 20 divide 12382?
False
Is 66 a multiple of 33?
True
Is 103 a factor of 927?
True
Is 3774 a multiple of 51?
True
Does 12 divide 6972?
True
Is 17532 a multiple of 18?
True
Does 15 divide 21855?
True
Is 888 a multiple of 66?
False
Is 2869 a multiple of 3?
False
Is 2685 a multiple of 15?
True
Is 78041 a multiple of 15?
False
Is 607 a multiple of 51?
False
Does 149 divide 23953?
False
Is 219 a factor of 56064?
True
Is 37 a factor of 333?
True
Does 13 divide 1354?
False
Is 28 a factor of 33885?
False
Does 254 divide 25146?
True
Is 17160 a multiple of 52?
True
Is 5089 a multiple of 126?
False
Does 19 divide 87384?
False
Is 7910 a multiple of 5?
True
Is 4 a factor of 637?
False
Is 2 a factor of 18011?
False
Is 12 a factor of 250?
False
Is 1734 a multiple of 34?
True
Is 30 a factor of 9488?
False
Is 342 a multiple of 38?
True
Does 41 divide 7840?
False
Is 3550 a multiple of 34?
False
Does 13 divide 6318?
True
Is 1805 a multiple of 5?
True
Is 218 a multiple of 41?
False
Is 300 a multiple of 20?
True
Does 148 divide 28416?
True
Does 49 divide 6027?
True
Is 1325 a multiple of 36?
False
Is 14 a factor of 268?
False
Is 2436 a multiple of 116?
True
Does 16 divide 252?
False
Does 30 divide 2944?
False
Is 28723 a multiple of 118?
False
Does 168 divide 13104?
True
Is 2185 a multiple of 136?
False
Does 10 divide 780?
True
Does 28 divide 5141?
False
Is 2429 a multiple of 7?
True
Is 1033 a multiple of 9?
False
Is 7 a factor of 722?
False
Does 24 divide 144?
True
Is 125275 a multiple of 12?
False
Is 702 a multiple of 4?
False
Is 14 a factor of 26669?
False
Does 5 divide 1538?
False
Is 62 a multiple of 2?
True
Does 4 divide 8069?
False
Does 41 divide 2993?
True
Is 1862 a multiple of 75?
False
Is 33 a factor of 23463?
True
Does 18 divide 164?
False
Is 37 a factor of 8451?
False
Is 42 a factor of 5757?
False
Does 2 divide 143?
False
Is 2187 a multiple of 81?
True
Does 3 divide 26?
False
Is 20 a factor of 30?
False
Does 283 divide 71316?
True
Does 21 divide 11246?
False
Does 62 divide 186?
True
Does 52 divide 1648?
False
Is 19 a factor of 2128?
True
Is 125 a multiple of 5?
True
Does 3 divide 202?
False
Is 6160 a multiple of 20?
True
Is 5288 a multiple of 8?
True
Is 21317 a multiple of 169?
False
Is 20286 a multiple of 7?
True
Is 497 a multiple of 68?
False
Is 250 a multiple of 25?
True
Is 298 a factor of 53710?
False
Is 6 a factor of 156?
True
Does 7 divide 4177?
False
Does 95 divide 4814?
False
Is 7 a factor of 1239?
True
Is 7108 a multiple of 4?
True
Does 7 divide 1260?
True
Is 130 a multiple of 10?
True
Does 16 divide 6885?
False
Does 18 divide 198?
True
Is 3433 a multiple of 85?
False
Is 29198 a multiple of 174?
False
Does 35 divide 9822?
False
Is 14124 a multiple of 132?
True
Is 2 a factor of 555?
False
Does 37 divide 3047?
False
Does 103 divide 11457?
False
Is 139 a factor of 22021?
False
Is 1401 a multiple of 30?
False
Is 2511 a multiple of 9?
True
Is 2502 a multiple of 9?
True
Is 814 a multiple of 11?
True
Is 2 a factor of 4771?
False
Is 4 a factor of 382?
False
Does 19 divide 6644?
False
Does 30 divide 2250?
True
Is 11 a factor of 2248?
False
Is 10200 a multiple of 60?
True
Is 2373 a multiple of 73?
False
Is 8584 a multiple of 29?
True
Is 273 a multiple of 15?
False
Does 8 divide 303?
False
Does 40 divide 29920?
True
Is 23 a factor of 1398?
False
Does 21 divide 16023?
True
Does 43 divide 1698?
False
Is 30 a factor of 1664?
False
Is 15608 a multiple of 61?
False
Is 2758 a multiple of 14?
True
Does 8 divide 278?
False
Is 3 a factor of 5158?
False
Is 55 a factor of 7925?
False
Is 1026 a multiple of 18?
True
Is 28723 a multiple of 47?
False
Is 33 a factor of 3679?
False
Does 9 divide 8604?
True
Is 17388 a multiple of 69?
True
Does 9 divide 9450?
True
Is 216 a factor of 51091?
False
Is 24 a factor of 768?
True
Is 14116 a multiple of 8?
False
Is 154 a factor of 5972?
False
Is 1270 a multiple of 20?
False
Is 3331 a multiple of 57?
False
Is 1716 a multiple of 4?
True
Is 1936 a multiple of 109?
False
Is 511 a multiple of 6?
False
Is 2660 a multiple of 7?
True
Is 48 a factor of 2382?
False
Is 6 a factor of 19608?
True
Is 1150 a multiple of 46?
True
Is 1102 a multiple of 58?
True
Is 17174 a multiple of 12?
False
Is 16 a factor of 6384?
True
Is 12 a factor of 493?
False
Is 364 a multiple of 26?
True
Is 492 a multiple of 12?
True
Is 3679 a multiple of 12?
False
Is 74196 a multiple of 18?
True
Is 1008 a multiple of 8?
True
Is 15 a factor of 8830?
False
Does 16 divide 1101?
False
Is 19 a factor of 613?
False
Is 143 a factor of 28267?
False
Is 19325 a multiple of 30?
False
Is 10 a factor of 4770?
True
Is 49425 a multiple of 203?
False
Does 130 divide 28600?
True
Is 94 a factor of 3860?
False
Is 55 a multiple of 5?
True
Is 29680 a multiple of 14?
True
Does 198 divide 18810?
True
Is 20426 a multiple of 57?
False
Is 19 a factor of 672?
False
Is 85 a multiple of 7?
False
Is 275 a factor of 4675?
True
Does 13 divide 286?
True
Does 26 divide 4082?
True
Does 19 divide 782?
False
Does 5 divide 37241?
False
Is 55 a factor of 2859?
False
Is 90750 a multiple of 12?
False
Is 131 a multiple of 4?
False
Is 156 a factor of 3079?
False
Is 13 a factor of 91?
True
Does 29 divide 7627?
True
Is 95 a factor of 39937?
False
Does 15 divide 684?
False
Is 10584 a multiple of 8?
True
Is 31 a factor of 1316?
False
Is 52 a factor of 13624?
True
Does 4 divide 847?
False
Is 620 a multiple of 31?
True
Does 81 divide 1134?
True
Does 31 divide 16867?
False
Is 30 a factor of 4770?
True
Does 121 divide 7139?
True
Is 552 a multiple of 6?
True
Is 20 a factor of 10942?
False
Is 7 a factor of 257?
False
Does 15 divide 19016?
False
Is 13 a factor of 247?
True
Is 17 a factor of 4029?
True
Does 119 divide 19040?
True
Does 10 divide 680?
True
Does 133 divide 35112?
True
Does 85 divide 1784?
False
Does 12 divide 354?
False
Is 3 a factor of 309?
True
Is 12 a factor of 6636?
True
Is 28 a factor of 2604?
True
Does 6 divide 60?
True
Is 8 a factor of 49528?
True
Does 247 divide 28829?
False
Does 7 divide 1680?
True
Is 7 a factor of 26342?
False
Is 1737 a multiple of 56?
False
Does 44 divide 67421?
False
Is 46 a factor of 736?
True
Does 36 divide 24164?
False
Is 625 a multiple of 8?
False
Does 19 divide 3176?
False
Is 47 a factor of 13511?
False
Is 31 a factor of 1367?
False
Is 3 a factor of 491?
False
Does 2 divide 1043?
False
Is 91 a factor of 3311?
False
Does 14 divide 44800?
True
Does 26 divide 4680?
True
Is 129 a factor of 7353?
True
Is 5390 a multiple of 110?
True
Does 19 divide 19095?
True
Does 2 divide 2089?
False
Is 2928 a multiple of 8?
True
Is 17 a factor of 867?
True
Does 6 divide 44?
False
Is 5 a factor of 164?
False
Is 810 a multiple of 30?
True
Does 6 divide 1278?
True
Does 20 divide 579?
False
Is 44033 a multiple of 11?
True
Is 2 a factor of 212?
True
Is 3720 a multiple of 8?
True
Does 13 divide 3490?
False
Is 5 a factor of 595?
True
Is 2236 a multiple of 52?
True
Is 2 a factor of 31?
False
Is 29 a factor of 145?
True
Is 23919 a multiple of 17?
True
Does 3 divide 1322?
False
Is 4779 a multiple of 16?
False
Is 8705 a multiple of 138?
False
Is 13